, 20 = -4*c. Suppose -u + 2*u - i = 0. Calculate the greatest common factor of u and 24.
24
Suppose -2*j - 18 = -4*p, 2*p - j - 2*j = 19. Suppose -p*g - 8 = 0, 5 = 5*v + 3*g - 13. Calculate the greatest common factor of v and 66.
6
Let o be ((-3600)/(-70))/((-15)/(-70)). Calculate the highest common divisor of 640 and o.
80
Let j = 54 + -49. Suppose -5*t - 4*s = -215, -j*t + 166 = -t + 2*s. Calculate the greatest common factor of 26 and t.
13
Let f(q) = q**3 + 10*q**2 + 2*q - 3. Let u be f(-5). Suppose -8 = -w - u. Let j = -20 - w. Calculate the highest common divisor of j and 28.
28
Let o(d) = 5*d - 5. Let k be o(5). Let m = 25 - k. Suppose -m*f + 126 - 16 = 0. Calculate the greatest common factor of 44 and f.
22
Let a(v) = 2*v**2 + 41*v - 399. Let h be a(-62). What is the highest common divisor of 101 and h?
101
Let c(n) = 4*n**2 + 138*n - 36. Let j be c(-35). What is the highest common factor of 1326 and j?
34
Suppose 0 = -0*l + 5*l - 75. What is the highest common divisor of 240 and l?
15
Suppose c + 170 = 6*c. Suppose -31*r + 51 = -c*r. Let d be -2*1*r/2. What is the highest common factor of d and 17?
17
Let v(k) = -41*k - 41*k - 21 + 17. Let b be v(-5). Suppose -z - 5*c = -138, 0 = 3*z + 4*c + 3 - b. What is the highest common divisor of 19 and z?
19
Let g = 1374 - 744. Calculate the highest common factor of 35 and g.
35
Suppose 2*u + 45*u - 18753 = 0. Calculate the highest common factor of 1064 and u.
133
Suppose 6*z - 68 = 8*z. Let k = 49 + z. Calculate the greatest common divisor of k and 75.
15
Suppose -4*q + 1524 = 4*j, 3*q + 14*j = 15*j + 1155. What is the greatest common factor of 12 and q?
12
Let x be -2 + 13 + -1*5. Let k be 5*x/10 - -14*8. Calculate the greatest common divisor of 23 and k.
23
Let y = 23 + -12. Let t(u) = -4*u - 7. Let q be t(-2). Let h(x) = 85*x + 3. Let m be h(q). Calculate the highest common divisor of m and y.
11
Suppose 0 = j - 2*h + 5, -2*h - 24 = 2*j + h. Let c be (20/(-15))/(1/j). Calculate the greatest common factor of 36 and c.
12
Let o(k) = 2*k**2 + 27*k - 33. Let a be o(-18). What is the highest common factor of 430 and a?
43
Suppose n - 93 = 6. Suppose -4*f + 29 = -d - 50, 5*f - n = d. Let k be ((-48)/f)/((-3)/10). What is the highest common divisor of k and 12?
4
Suppose s - f = -2*f + 3, 5*f + 33 = s. Suppose 3 = -j + s. Let x(l) = -l + 19. Let y be x(j). What is the greatest common factor of 14 and y?
14
Let n(z) = 28*z**3 - 2*z + 2. Let u be n(1). Let b be 3*(2 - 120/(-9)). Suppose -2*x + b + 122 = 0. What is the highest common divisor of u and x?
28
Suppose -c = 5*u - 184 - 236, 0 = 4*u + 5*c - 357. Calculate the highest common factor of u and 664.
83
Let c be (477 + -3)/(2 + 0). Suppose -5*h = -2*l + 155, -3*l = -h - 2*h - c. Let y = 108 - 76. Calculate the greatest common factor of y and l.
16
Let z be 1/(-3) - 145/(-3). Let n(o) = -11*o - 3. Let v be n(-1). Suppose 2*l + z = 3*k + 5*l, 2*l - v = 0. What is the greatest common factor of k and 4?
4
Suppose -506 - 292 = -7*u. Calculate the highest common divisor of 12 and u.
6
Let q(m) = 10*m + 21. Let v be q(10). Let l be (-1)/4 - v/44. Let n be 30*(-4 + (-16)/l). What is the greatest common divisor of 8 and n?
8
Let w be (-6)/(-9) + 40/3. Let z = w - -21. What is the highest common divisor of z and 175?
35
Let j be 0/(-2) - (-7 + 2). Suppose -j*k = -k - 20. Suppose k*n = -2*v + 22, 11 = v - n - 4*n. What is the highest common divisor of 121 and v?
11
Let r be (-4)/((-24)/112 - (-2)/(-7)). What is the greatest common factor of r and 704?
8
Let b = 2767 - 2520. What is the highest common factor of 152 and b?
19
Suppose -5*q - 44 = -6*q. Suppose -15950 = -512*z + 946. What is the greatest common factor of z and q?
11
Let s = -49 + 51. Suppose -3*m - 28 = r - 95, -s*r - 20 = -m. What is the greatest common factor of m and 11?
11
Let i(h) = 4*h - 23. Let n(t) = 12*t - 68. Let s(y) = -14*i(y) + 5*n(y). Let d be s(7). Calculate the greatest common factor of d and 25.
5
Let p(r) be the third derivative of 0 - 3*r**2 - 7/24*r**4 + 0*r + 7/3*r**3. Let k be p(-10). Calculate the highest common divisor of 12 and k.
12
Suppose 0 = -5*m + 456 + 1224. Suppose 7*l = -l + m. Calculate the greatest common divisor of 63 and l.
21
Let b = 85 + -67. Suppose 20 = -5*f, 5*a - a + 244 = 2*f. Let c = -45 - a. Calculate the highest common factor of b and c.
18
Let t be (-10)/((-4)/(55 + 5)). What is the greatest common divisor of t and 50?
50
Suppose -5*u + 20 = 5*q, -4*u + 23 = -q + 7. Suppose 10 = 4*m - 6. What is the greatest common factor of m and u?
4
Let n be (((-576)/15)/(-2))/((-12)/(-40)). What is the highest common factor of 112 and n?
16
Let f be 8*((3 - -2 - -1) + -5). Calculate the greatest common divisor of 392 and f.
8
Let t be (-9)/(-3) + (-4)/20*0. Suppose 4*z - u - t*u - 320 = 0, 0 = -4*u. Calculate the highest common divisor of 5 and z.
5
Let c be 0 + 9/((-45)/(-20)). Let w(x) = 2*x**2 - 2*x + 1. Let s be w(c). What is the highest common factor of s and 50?
25
Let p(j) = j**3 - 3*j**2 - j - 6. Let i be 0 - (4 - 3) - -6. Let y be p(i). Suppose 2*f - y + 7 = 0. Calculate the highest common factor of f and 112.
16
Let s be (-304)/(-114)*6/1. What is the highest common factor of s and 5?
1
Suppose 5*j - 84 = -2*v + 55, -5*j + 3*v = -129. Let g be (-2 + 4/3)*3. Let d be ((-12)/(-16))/(g/(-24)). What is the highest common divisor of d and j?
9
Let q(m) = m + 2. Let d be q(-3). Let j be d + 30 - 13/(-13). What is the highest common divisor of 120 and j?
30
Suppose 73*l = -157 + 1763. What is the greatest common divisor of 605 and l?
11
Let l be 78 + ((-8)/4)/2. Calculate the highest common divisor of 7 and l.
7
Let v = 191 - 135. Calculate the greatest common factor of v and 32.
8
Suppose -35 = -2*c + 3*q + 40, -4*c - 3*q + 195 = 0. Let l = 32 - 27. Calculate the highest common divisor of c and l.
5
Suppose 2*s - 1797 = -5*u, -2*s + 1791 = -6*u + 5*u. What is the highest common factor of s and 14?
14
Let v = 4 + 4. Suppose -6*h - 4 = -v*h. Suppose 0*u + h*u = 16. What is the greatest common divisor of 12 and u?
4
Suppose -6*k = -14 - 256. Let u(s) = -s**3 + 12*s**2 + 13*s + 5. Let h be u(13). Calculate the highest common factor of k and h.
5
Let t(c) = -10*c + 3. Let r be t(2). Let b = r - -10. Let v = b - -31. What is the highest common divisor of 72 and v?
24
Suppose 3*m - 1755 = -1611. Calculate the greatest common factor of m and 112.
16
Let l be -65 + 2/4*4. Let y = l - -89. Calculate the highest common divisor of y and 13.
13
Suppose 57 = 5*g + 5*t - 43, 0 = -5*t. Suppose 9*s + 77 = 13*s + a, 5*a = -2*s + 25. Calculate the greatest common factor of g and s.
20
Suppose 0 = 21*m - 26*m - 10, 2*t = -3*m + 6. Suppose -t*l + 1437 - 345 = 0. Calculate the highest common divisor of 26 and l.
26
Suppose 0 = 5*k - 25. Suppose q = 3*o - 53, -4*o = -9*o - k*q + 115. Calculate the highest common divisor of 57 and o.
19
Let p(v) = v**2 - 8*v + 8. Let f be p(8). Suppose 2*t - 30 = -4*q, -t + f*q = 6*q - 23. What is the highest common divisor of 247 and t?
19
Let b(w) = w**3 + 20*w**2 - 49*w + 50. Let h be b(-22). Calculate the greatest common divisor of h and 32.
32
Let q = -8 + 24. Let a(c) be the second derivative of -c**3/6 + 2*c**2 + 9*c. Let m be a(-4). What is the highest common divisor of q and m?
8
Suppose 7*p - 4*p = 48. Let a = p - -19. What is the highest common factor of a and 14?
7
Suppose 0 = -2*w + 6, -4*u + 255 = 4*w - 621. Calculate the highest common divisor of 18 and u.
18
Suppose -1 = -m + 3. Let n(c) = c**3 - 1 + m*c - 5*c**3 - c**2 + 3*c**3 - c**3. Let d be n(-4). Calculate the highest common divisor of d and 38.
19
Suppose -3*n - 126 = -2*f, f = 2*n + 6*f + 65. Let g = n + 121. Let c be (-7)/21 + 56/6. What is the greatest common divisor of c and g?
9
Let i(w) = w**3 + 7*w**2 + 1. Let v be i(-5). Suppose -l = 2*l + 9, -3*b = -5*l - v. What is the highest common divisor of b and 30?
6
Suppose 8*p = 62*p - 3240. Calculate the highest common divisor of p and 24.
12
Let t = 54 + -50. Suppose 3*k = -0*k + 108. Suppose i + 0*i + 2*y = 0, -y - k = -4*i. Calculate the highest common factor of t and i.
4
Suppose 5*t - 73 - 8 = -3*o, 51 = 3*t + o. Suppose 0*p = 5*p - 135. Calculate the highest common divisor of p and t.
9
Let j(v) = -v**2 - 12*v 